3, 5, 79
What are the prime factors of 3805?
5, 761
List the prime factors of 629.
17, 37
What are the prime factors of 2884?
2, 7, 103
List the prime factors of 17494.
2, 8747
List the prime factors of 3922.
2, 37, 53
List the prime factors of 1896.
2, 3, 79
List the prime factors of 3108.
2, 3, 7, 37
List the prime factors of 4319.
7, 617
List the prime factors of 25394.
2, 12697
What are the prime factors of 12132?
2, 3, 337
What are the prime factors of 12461?
17, 733
List the prime factors of 9642.
2, 3, 1607
What are the prime factors of 2638?
2, 1319
What are the prime factors of 33834?
2, 3, 5639
List the prime factors of 18654.
2, 3, 3109
List the prime factors of 26043.
3, 8681
What are the prime factors of 10263?
3, 11, 311
What are the prime factors of 2092?
2, 523
What are the prime factors of 373?
373
List the prime factors of 90676.
2, 22669
List the prime factors of 74320.
2, 5, 929
What are the prime factors of 1289?
1289
List the prime factors of 7633.
17, 449
What are the prime factors of 2194?
2, 1097
List the prime factors of 5980.
2, 5, 13, 23
What are the prime factors of 7717?
7717
What are the prime factors of 9356?
2, 2339
What are the prime factors of 1812?
2, 3, 151
What are the prime factors of 3964?
2, 991
What are the prime factors of 104017?
41, 43, 59
List the prime factors of 24927.
3, 7, 1187
List the prime factors of 50519.
7, 1031
What are the prime factors of 852?
2, 3, 71
What are the prime factors of 1138?
2, 569
List the prime factors of 2544.
2, 3, 53
What are the prime factors of 2188?
2, 547
What are the prime factors of 2909?
2909
List the prime factors of 116980.
2, 5, 5849
What are the prime factors of 1396?
2, 349
What are the prime factors of 1000?
2, 5
List the prime factors of 1749.
3, 11, 53
List the prime factors of 1061.
1061
List the prime factors of 80952.
2, 3, 3373
What are the prime factors of 2100?
2, 3, 5, 7
List the prime factors of 893.
19, 47
What are the prime factors of 2583?
3, 7, 41
What are the prime factors of 15253?
7, 2179
List the prime factors of 1198.
2, 599
What are the prime factors of 796?
2, 199
What are the prime factors of 719?
719
What are the prime factors of 14858?
2, 17, 19, 23
List the prime factors of 80365.
5, 16073
List the prime factors of 2557.
2557
What are the prime factors of 28884?
2, 3, 29, 83
List the prime factors of 942.
2, 3, 157
What are the prime factors of 7047?
3, 29
List the prime factors of 65502.
2, 3, 1213
What are the prime factors of 82958?
2, 41479
List the prime factors of 7508.
2, 1877
What are the prime factors of 78714?
2, 3, 4373
List the prime factors of 555.
3, 5, 37
What are the prime factors of 1931?
1931
List the prime factors of 2940.
2, 3, 5, 7
List the prime factors of 8212.
2, 2053
What are the prime factors of 1676?
2, 419
What are the prime factors of 44436?
2, 3, 7, 23
List the prime factors of 4798.
2, 2399
What are the prime factors of 2045?
5, 409
What are the prime factors of 80?
2, 5
What are the prime factors of 13990?
2, 5, 1399
List the prime factors of 1768.
2, 13, 17
List the prime factors of 2581.
29, 89
List the prime factors of 29392.
2, 11, 167
List the prime factors of 115724.
2, 7, 4133
What are the prime factors of 58070?
2, 5, 5807
List the prime factors of 275.
5, 11
What are the prime factors of 15227?
15227
List the prime factors of 5150.
2, 5, 103
What are the prime factors of 3640?
2, 5, 7, 13
What are the prime factors of 34163?
127, 269
What are the prime factors of 5755?
5, 1151
List the prime factors of 1436.
2, 359
List the prime factors of 7447.
11, 677
What are the prime factors of 31416?
2, 3, 7, 11, 17
List the prime factors of 795.
3, 5, 53
List the prime factors of 9832.
2, 1229
What are the prime factors of 11043?
3, 409
List the prime factors of 647.
647
List the prime factors of 1833.
3, 13, 47
What are the prime factors of 464?
2, 29
List the prime factors of 47860.
2, 5, 2393
List the prime factors of 11704.
2, 7, 11, 19
What are the prime factors of 3639?
3, 1213
List the prime factors of 7380.
2, 3, 5, 41
What are the prime factors of 15963?
3, 17, 313
What are the prime factors of 8691?
3, 2897
What are the prime factors of 8200?
2, 5, 41
What are the prime factors of 2032?
2, 127
List the prime factors of 32807.
53, 619
List the prime factors of 31035.
3, 5, 2069
List the prime factors of 10015.
5, 2003
What are the prime factors of 275?
5, 11
What are the prime factors of 7383?
3, 23, 107
List the prime factors of 2822.
2, 17, 83
List the prime factors of 17120.
2, 5, 107
List the prime factors of 1044.
2, 3, 29
List the prime factors of 6232.
2, 19, 41
What are the prime factors of 56555?
5, 11311
What are the prime factors of 4459?
7, 13
What are the prime factors of 8107?
11, 67
What are the prime factors of 2835?
3, 5, 7
List the prime factors of 349.
349
What are the prime factors of 1506?
2, 3, 251
What are the prime factors of 1420?
2, 5, 71
What are the prime factors of 57959?
11, 479
What are the prime factors of 3603?
3, 1201
What are the prime factors of 36392?
2, 4549
What are the prime factors of 3624?
2, 3, 151
What are the prime factors of 24151?
24151
What are the prime factors of 991?
991
List the prime factors of 9614.
2, 11, 19, 23
What are the prime factors of 14978?
2, 7489
List the prime factors of 1446.
2, 3, 241
List the prime factors of 181.
181
List the prime factors of 615.
3, 5, 41
List the prime factors of 18591.
3, 6197
What are the prime factors of 82497?
3, 107, 257
List the prime factors of 216.
2, 3
List the prime factors of 138315.
3, 5, 9221
What are the prime factors of 6641?
29, 229
What are the prime factors of 18577?
13, 1429
List the prime factors of 52704.
2, 3, 61
What are the prime factors of 4005?
3, 5, 89
What are the prime factors of 21597?
3, 23, 313
List the prime factors of 35223.
3, 59, 199
What are the prime factors of 19074?
2, 3, 11, 17
List the prime factors of 29733.
3, 11, 17, 53
What are the prime factors of 110002?
2, 55001
List the prime factors of 706.
2, 353
What are the prime factors of 831?
3, 277
List the prime factors of 92397.
3, 19, 1621
What are the prime factors of 6529?
6529
What are the prime factors of 25956?
2, 3, 7, 103
What are the prime factors of 154?
2, 7, 11
What are the prime factors of 9597?
3, 7, 457
List the prime factors of 4623.
3, 23, 67
List the prime factors of 973.
7, 139
What are the prime factors of 1418?
2, 709
What are the prime factors of 28597?
28597
What are the prime factors of 62747?
17, 3691
What are the prime factors of 2469?
3, 823
What are the prime factors of 46939?
73, 643
List the prime factors of 9516.
2, 3, 13, 61
What are the prime factors of 118?
2, 59
What are the prime factors of 693?
3, 7, 11
What are the prime factors of 29679?
3, 13, 761
List the prime factors of 22986.
2, 3, 1277
List the prime factors of 1216.
2, 19
List the prime factors of 982.
2, 491
List the prime factors of 19893.
3, 19, 349
What are the prime factors of 402?
2, 3, 67
List the prime factors of 683.
683
What are the prime factors of 843?
3, 281
List the prime factors of 9012.
2, 3, 751
List the prime factors of 689.
13, 53
What are the prime factors of 1108?
2, 277
List the prime factors of 2500.
2, 5
List the prime factors of 113461.
83, 1367
List the prime factors of 76106.
2, 38053
List the prime factors of 289.
17
What are the prime factors of 3106?
2, 1553
List the prime factors of 952.
2, 7, 17
List the prime factors of 2083.
2083
What are the prime factors of 61404?
2, 3, 7, 17, 43
List the prime factors of 3311.
7, 11, 43
What are the prime factors of 751?
751
List the prime factors of 56334.
2, 3, 41, 229
List the prime factors of 74447.
109, 683
What are the prime factors of 7845?
3, 5, 523
List the prime factors of 5689.
5689
List the prime factors of 7422.
2, 3, 1237
List the prime factors of 795.
3, 5, 53
List the prime factors of 15661.
15661
List the prime factors of 785.
5, 157
What are the prime factors of 44042?
2, 19, 61
List the prime factors of 62693.
71, 883
What are the prime factors of 42192?
2, 3, 293
List the prime factors of 25911.
3, 2879
What are the prime factors of 927?
3, 103
What are the prime factors of 7808?
2, 61
What are the prime factors of 3567?
